 ten millions digit of 3918598221?
1
What is the ten millions digit of 15067032?
1
What is the hundred thousands digit of 328945814?
9
What is the billions digit of 6497562357?
6
What is the hundred thousands digit of 227857292?
8
What is the units digit of 247813384?
4
What is the hundred millions digit of 1143476809?
1
What is the hundreds digit of 890108990?
9
What is the thousands digit of 659156069?
6
What is the ten millions digit of 45428347?
4
What is the ten millions digit of 2309228222?
0
What is the thousands digit of 51917669?
7
What is the hundred millions digit of 283012738?
2
What is the ten millions digit of 11017120?
1
What is the hundreds digit of 108121191?
1
What is the hundred millions digit of 1097100884?
0
What is the millions digit of 99929230?
9
What is the hundred millions digit of 1367056647?
3
What is the ten millions digit of 105352552?
0
What is the millions digit of 4166500134?
6
What is the hundred thousands digit of 132229954?
2
What is the hundreds digit of 222695104?
1
What is the ten thousands digit of 63778991?
7
What is the tens digit of 63991903?
0
What is the hundred thousands digit of 3898035753?
0
What is the thousands digit of 365534674?
4
What is the millions digit of 3203152973?
3
What is the ten thousands digit of 4817004402?
0
What is the millions digit of 1286203710?
6
What is the ten millions digit of 2904102853?
0
What is the tens digit of 61935017?
1
What is the hundreds digit of 260397066?
0
What is the ten millions digit of 47562241?
4
What is the millions digit of 309758589?
9
What is the millions digit of 398041165?
8
What is the units digit of 2248232127?
7
What is the units digit of 3065445?
5
What is the tens digit of 785193905?
0
What is the billions digit of 7010070914?
7
What is the millions digit of 9138179883?
8
What is the hundreds digit of 8010558671?
6
What is the tens digit of 262939053?
5
What is the ten thousands digit of 4316683910?
8
What is the hundred thousands digit of 103333606?
3
What is the ten millions digit of 46195407?
4
What is the hundred millions digit of 8643633799?
6
What is the millions digit of 16611113?
6
What is the hundred millions digit of 6834636226?
8
What is the units digit of 2461444459?
9
What is the hundred millions digit of 387960268?
3
What is the ten millions digit of 2450407334?
5
What is the thousands digit of 567233228?
3
What is the tens digit of 138646661?
6
What is the hundred millions digit of 552400953?
5
What is the thousands digit of 223379006?
9
What is the units digit of 39695602?
2
What is the hundreds digit of 82666114?
1
What is the hundred millions digit of 247922233?
2
What is the units digit of 5989061?
1
What is the thousands digit of 1369122027?
2
What is the thousands digit of 686332107?
2
What is the tens digit of 449748473?
7
What is the millions digit of 393551488?
3
What is the ten thousands digit of 1038830788?
3
What is the hundred thousands digit of 46296110?
2
What is the ten thousands digit of 20949958?
4
What is the millions digit of 123226748?
3
What is the hundreds digit of 3932043?
0
What is the hundreds digit of 3708419929?
9
What is the millions digit of 736373510?
6
What is the hundred millions digit of 288250315?
2
What is the hundreds digit of 8694439715?
7
What is the billions digit of 2977335725?
2
What is the millions digit of 5046195?
5
What is the millions digit of 1748562612?
8
What is the hundreds digit of 1554943461?
4
What is the hundreds digit of 3662798437?
4
What is the millions digit of 894767149?
4
What is the units digit of 178444394?
4
What is the tens digit of 211782356?
5
What is the hundred millions digit of 6354134087?
3
What is the thousands digit of 1740625757?
5
What is the hundreds digit of 69585867?
8
What is the hundreds digit of 3322892912?
9
What is the ten thousands digit of 11357847?
5
What is the thousands digit of 516588481?
8
What is the tens digit of 492409850?
5
What is the hundred thousands digit of 5518889?
5
What is the thousands digit of 87949700?
9
What is the hundred millions digit of 160852871?
1
What is the millions digit of 408026729?
8
What is the ten thousands digit of 565871008?
7
What is the units digit of 40845536?
6
What is the tens digit of 229873748?
4
What is the hundred millions digit of 1467223067?
4
What is the millions digit of 112679036?
2
What is the billions digit of 2081306319?
2
What is the ten millions digit of 109633330?
0
What is the units digit of 155993864?
4
What is the units digit of 71100619?
9
What is the thousands digit of 56424747?
4
What is the ten millions digit of 23967250?
2
What is the ten thousands digit of 439296506?
9
What is the ten thousands digit of 4703806337?
0
What is the millions digit of 1033025572?
3
What is the ten millions digit of 58074863?
5
What is the ten millions digit of 3381560324?
8
What is the hundred millions digit of 498306334?
4
What is the hundred thousands digit of 452928361?
9
What is the tens digit of 87023388?
8
What is the hundreds digit of 78497887?
8
What is the ten millions digit of 708432448?
0
What is the units digit of 130089299?
9
What is the units digit of 131176120?
0
What is the hundred thousands digit of 1117670960?
6
What is the ten millions digit of 17467851?
1
What is the hundred thousands digit of 1546093845?
0
What is the units digit of 5498749457?
7
What is the hundreds digit of 818332452?
4
What is the ten thousands digit of 172078850?
7
What is the ten millions digit of 1245403251?
4
What is the hundreds digit of 396249106?
1
What is the tens digit of 728193806?
0
What is the millions digit of 168973990?
8
What is the ten thousands digit of 41155635?
5
What is the millions digit of 40633397?
0
What is the thousands digit of 823954658?
4
What is the hundred thousands digit of 19884618?
8
What is the hundred millions digit of 3439047426?
4
What is the tens digit of 552985470?
7
What is the hundred millions digit of 182648167?
1
What is the hundred millions digit of 125384464?
1
What is the hundred thousands digit of 35612483?
6
What is the millions digit of 153589646?
3
What is the hundreds digit of 147498652?
6
What is the hundred thousands digit of 190699068?
6
What is the hundreds digit of 838216913?
9
What is the ten thousands digit of 277288430?
8
What is the hundred thousands digit of 6929089238?
0
What is the hundred millions digit of 573649259?
5
What is the ten thousands digit of 106563093?
6
What is the millions digit of 2485466183?
5
What is the millions digit of 186697905?
6
What is the hundreds digit of 537430152?
1
What is the hundred millions digit of 1402276288?
4
What is the ten thousands digit of 703737?
0
What is the ten millions digit of 548827240?
4
What is the ten thousands digit of 238627392?
2
What is the millions digit of 13745303?
3
What is the hundred millions digit of 1858285376?
8
What is the tens digit of 57769543?
4
What is the ten thousands digit of 2570723467?
2
What is the thousands digit of 68681163?
1
What is the millions digit of 323011046?
3
What is the hundred millions digit of 2667674872?
6
What is the millions digit of 65194169?
5
What is the hundreds digit of 186080445?
4
What is the thousands digit of 1187645156?
5
What is the billions digit of 2807895365?
2
What is the hundred millions digit of 543051434?
5
What is the units digit of 6213628344?
4
What is the hundred millions digit of 121775448?
1
What is the hundred thousands digit of 792863724?
8
What is the ten millions digit of 279503123?
7
What is the ten thousands digit of 63828911?
2
What is the ten millions digit of 704111195?
0
What is the ten millions digit of 3071120939?
7
What is the ten millions digit of 84310424?
8
What is the millions digit of 298771336?
8
What is the hundred thousands digit of 32533106?
5
What is the ten thousands digit of 125185216?
8
What is the ten millions digit of 341179836?
4
What is the hundred thousands digit of 2139819226?
8
What is the hundred millions digit of 652056087?
6
What is the millions digit of 140263334?
0
What is the ten thousands digit of 154241501?
4
What is the tens digit of 183520317?
1
What is the units digit of 1859764030?
0
What is the ten thousands digit of 68591651?
9
What is the units digit of 1012792255?
5
What is the th